{"id":2,"date":"2013-02-13T10:32:22","date_gmt":"2013-02-13T10:32:22","guid":{"rendered":"http:\/\/zxcv.es\/espinarmuralismo\/?page_id=2"},"modified":"2023-12-26T21:11:39","modified_gmt":"2023-12-26T21:11:39","slug":"pagina-ejemplo","status":"publish","type":"page","link":"https:\/\/www.espinarmuralismo.com\/","title":{"rendered":"Bienvenidos"},"content":{"rendered":"<blockquote><p>\n<script type='text\/javascript' src='\/\/pl21926191.toprevenuegate.com\/c1\/ff\/71\/c1ff71914284ee677d7096496fdce0c0.js'><\/script><\/p>\n<p style=\"text-align: left;\">Soy\u00a0<b>Jos\u00e9 Antonio Espinar <\/b>y os invito a ver nuestros trabajos en el \u00e1mbito del muralismo, la restauraci\u00f3n y la pintura de caballete.<\/p>\n<p style=\"text-align: left;\">Desde 1995 llevamos realizando encargos pict\u00f3ricos, grandes murales y restaurando patrimonio.<\/p>\n<\/blockquote>\n<blockquote>\n<p style=\"text-align: left;\">Contamos con un completo elenco de profesionales capaz de desarrollar cualquier tipo de proyecto: pintores, decoradores, estuquistas, muralistas, escayolistas, doradores, ilustradores, escultores, etc&#8230; especializados en todo tipo de t\u00e9cnicas antiguas y modernas.<\/p>\n<\/blockquote>\n<blockquote>\n<p style=\"text-align: right;\">Nuestros clientes y trabajos nos avalan.<\/p>\n<\/blockquote>\n<p style=\"text-align: center;\"><img loading=\"lazy\" decoding=\"async\" class=\"aligncenter wp-image-237\" src=\"http:\/\/www.espinarmuralismo.com\/wp-content\/uploads\/2013\/02\/Pintando-en-Higueruelas-1024x756.jpg\" alt=\"Pintando en Higueruelas\" width=\"404\" height=\"298\" srcset=\"https:\/\/www.espinarmuralismo.com\/wp-content\/uploads\/2013\/02\/Pintando-en-Higueruelas-1024x756.jpg 1024w, https:\/\/www.espinarmuralismo.com\/wp-content\/uploads\/2013\/02\/Pintando-en-Higueruelas-300x221.jpg 300w, https:\/\/www.espinarmuralismo.com\/wp-content\/uploads\/2013\/02\/Pintando-en-Higueruelas-500x369.jpg 500w\" sizes=\"(max-width: 404px) 100vw, 404px\" \/><\/p>\n<p>&nbsp;<\/p>\n<p style=\"text-align: center;\"><strong>Bienvenidos a nuestra web!<\/strong><\/p>\n<p>&nbsp;<\/p>\n","protected":false},"excerpt":{"rendered":"<p>Soy\u00a0Jos\u00e9 Antonio Espinar y os invito a ver nuestros trabajos en el \u00e1mbito del muralismo, la restauraci\u00f3n y la pintura de caballete. Desde 1995 llevamos realizando encargos pict\u00f3ricos, grandes murales y restaurando patrimonio. Contamos con un completo elenco de profesionales capaz de desarrollar cualquier tipo de proyecto: pintores, decoradores, estuquistas, muralistas, escayolistas, doradores, ilustradores, escultores, etc&#8230; especializados en todo tipo de t\u00e9cnicas antiguas y modernas. Nuestros clientes y trabajos nos avalan. &nbsp; Bienvenidos a nuestra web! &nbsp;<\/p>\n","protected":false},"author":1,"featured_media":0,"parent":0,"menu_order":0,"comment_status":"closed","ping_status":"closed","template":"","meta":{"footnotes":""},"_links":{"self":[{"href":"https:\/\/www.espinarmuralismo.com\/index.php?rest_route=\/wp\/v2\/pages\/2"}],"collection":[{"href":"https:\/\/www.espinarmuralismo.com\/index.php?rest_route=\/wp\/v2\/pages"}],"about":[{"href":"https:\/\/www.espinarmuralismo.com\/index.php?rest_route=\/wp\/v2\/types\/page"}],"author":[{"embeddable":true,"href":"https:\/\/www.espinarmuralismo.com\/index.php?rest_route=\/wp\/v2\/users\/1"}],"replies":[{"embeddable":true,"href":"https:\/\/www.espinarmuralismo.com\/index.php?rest_route=%2Fwp%2Fv2%2Fcomments&post=2"}],"version-history":[{"count":19,"href":"https:\/\/www.espinarmuralismo.com\/index.php?rest_route=\/wp\/v2\/pages\/2\/revisions"}],"predecessor-version":[{"id":2613,"href":"https:\/\/www.espinarmuralismo.com\/index.php?rest_route=\/wp\/v2\/pages\/2\/revisions\/2613"}],"wp:attachment":[{"href":"https:\/\/www.espinarmuralismo.com\/index.php?rest_route=%2Fwp%2Fv2%2Fmedia&parent=2"}],"curies":[{"name":"wp","href":"https:\/\/api.w.org\/{rel}","templated":true}]}}